{"id":43,"date":"2019-11-11T02:22:26","date_gmt":"2019-11-11T02:22:26","guid":{"rendered":"https:\/\/barristar.wpocean.com\/?page_id=43"},"modified":"2025-03-04T12:37:06","modified_gmt":"2025-03-04T11:37:06","slug":"practice-area","status":"publish","type":"page","link":"https:\/\/finna.moebiusinteractive.hu\/index.php\/practice-area\/","title":{"rendered":"Szakter\u00fcleteim"},"content":{"rendered":"\t\t<div data-elementor-type=\"wp-page\" data-elementor-id=\"43\" class=\"elementor elementor-43\">\n\t\t\t\t\t\t<section class=\"elementor-section elementor-top-section elementor-element elementor-element-66cd4df elementor-section-boxed elementor-section-height-default elementor-section-height-default\" data-id=\"66cd4df\" data-element_type=\"section\" data-settings=\"{&quot;background_background&quot;:&quot;classic&quot;}\">\n\t\t\t\t\t\t<div class=\"elementor-container elementor-column-gap-default\">\n\t\t\t\t\t<div class=\"elementor-column elementor-col-100 elementor-top-column elementor-element elementor-element-f0034b2\" data-id=\"f0034b2\" data-element_type=\"column\">\n\t\t\t<div class=\"elementor-widget-wrap elementor-element-populated\">\n\t\t\t\t\t\t<div class=\"elementor-element elementor-element-7b235dd elementor-widget elementor-widget-wpo-barristar_title\" data-id=\"7b235dd\" data-element_type=\"widget\" data-widget_type=\"wpo-barristar_title.default\">\n\t\t\t\t<div class=\"elementor-widget-container\">\n\t\t\t\t\t\t\t<div class=\"title-area text-center\">\n\t\t\t<div class=\"section-title\">\n\t\t\t\t<span>Hogyan seg\u00edthetem \u00d6nt?<\/span><h2>Szakter\u00fcleteim<\/h2>\t\t\t<\/div>\n\t\t<\/div>\n\t\t\t\t<\/div>\n\t\t\t\t<\/div>\n\t\t\t\t<div class=\"elementor-element elementor-element-529fbfb elementor-widget elementor-widget-wpo-barristar_service\" data-id=\"529fbfb\" data-element_type=\"widget\" data-widget_type=\"wpo-barristar_service.default\">\n\t\t\t\t<div class=\"elementor-widget-container\">\n\t\t\t\t\t\t\t<div class=\"practice-area practice-style-1\">\n\t\t\t<div class=\"row clearfix\">\n\t\t\t\t\t\t\t\t\t\t\t<div class=\"col-lg-4 col-md-6 col-sm-6\">\n\t\t\t\t\t\t\t\t<div class=\"service-item\">\n\t\t\t\t\t\t\t\t\t<div class=\"row\">\n\t\t\t\t\t\t\t\t\t\t<div class=\"col-lg-3 col-md-3 col-sm-3 col-3\">\n\t\t\t\t\t\t\t\t\t\t\t<div class=\"service-icon\">\n\t\t\t\t\t\t\t\t\t\t\t\t<i class=\"fi flaticon-parents\"><\/i>\n\t\t\t\t\t\t\t\t\t\t\t<\/div>\n\t\t\t\t\t\t\t\t\t\t<\/div>\n\t\t\t\t\t\t\t\t\t\t<div class=\"col-lg-9 col-md-9 col-sm-9 col-9\">\n\t\t\t\t\t\t\t\t\t\t\t<div class=\"service-text\">\n\t\t\t\t\t\t\t\t\t\t\t\t<h3><a href=\"https:\/\/finna.moebiusinteractive.hu\/index.php\/service\/family-law\/\">Csal\u00e1djog<\/a><\/h3>\n\t\t\t\t\t\t\t\t\t\t\t\t<p>A csal\u00e1djog a jogtudom\u00e1nynak az a ter\u00fclete, amely b\u00e1r egyes orsz\u00e1gokban \u00f6n\u00e1ll\u00f3 jog\u00e1gk\u00e9nt, m\u00edg m\u00e1shol a<\/p>\n\t\t\t\t\t\t\t\t\t\t\t<\/div>\n\t\t\t\t\t\t\t\t\t\t<\/div>\n\t\t\t\t\t\t\t\t\t<\/div>\n\t\t\t\t\t\t\t\t<\/div>\n\t\t\t\t\t\t\t<\/div>\n\t\t\t\t\t\t\t\t\t\t\t<div class=\"col-lg-4 col-md-6 col-sm-6\">\n\t\t\t\t\t\t\t\t<div class=\"service-item\">\n\t\t\t\t\t\t\t\t\t<div class=\"row\">\n\t\t\t\t\t\t\t\t\t\t<div class=\"col-lg-3 col-md-3 col-sm-3 col-3\">\n\t\t\t\t\t\t\t\t\t\t\t<div class=\"service-icon\">\n\t\t\t\t\t\t\t\t\t\t\t\t<i class=\"fi flaticon-wounded\"><\/i>\n\t\t\t\t\t\t\t\t\t\t\t<\/div>\n\t\t\t\t\t\t\t\t\t\t<\/div>\n\t\t\t\t\t\t\t\t\t\t<div class=\"col-lg-9 col-md-9 col-sm-9 col-9\">\n\t\t\t\t\t\t\t\t\t\t\t<div class=\"service-text\">\n\t\t\t\t\t\t\t\t\t\t\t\t<h3><a href=\"https:\/\/finna.moebiusinteractive.hu\/index.php\/service\/personal-injury\/\">Nemperes elj\u00e1r\u00e1sok<\/a><\/h3>\n\t\t\t\t\t\t\t\t\t\t\t\t<p>I must explain to you how all this mistaken idea of denouncing pleasure and praising pain<\/p>\n\t\t\t\t\t\t\t\t\t\t\t<\/div>\n\t\t\t\t\t\t\t\t\t\t<\/div>\n\t\t\t\t\t\t\t\t\t<\/div>\n\t\t\t\t\t\t\t\t<\/div>\n\t\t\t\t\t\t\t<\/div>\n\t\t\t\t\t\t\t\t\t\t\t<div class=\"col-lg-4 col-md-6 col-sm-6\">\n\t\t\t\t\t\t\t\t<div class=\"service-item\">\n\t\t\t\t\t\t\t\t\t<div class=\"row\">\n\t\t\t\t\t\t\t\t\t\t<div class=\"col-lg-3 col-md-3 col-sm-3 col-3\">\n\t\t\t\t\t\t\t\t\t\t\t<div class=\"service-icon\">\n\t\t\t\t\t\t\t\t\t\t\t\t<i class=\"fi flaticon-thief\"><\/i>\n\t\t\t\t\t\t\t\t\t\t\t<\/div>\n\t\t\t\t\t\t\t\t\t\t<\/div>\n\t\t\t\t\t\t\t\t\t\t<div class=\"col-lg-9 col-md-9 col-sm-9 col-9\">\n\t\t\t\t\t\t\t\t\t\t\t<div class=\"service-text\">\n\t\t\t\t\t\t\t\t\t\t\t\t<h3><a href=\"https:\/\/finna.moebiusinteractive.hu\/index.php\/service\/criminal-law\/\">B\u00fcntet\u0151 jog<\/a><\/h3>\n\t\t\t\t\t\t\t\t\t\t\t\t<p>I must explain to you how all this mistaken idea of denouncing pleasure and praising pain<\/p>\n\t\t\t\t\t\t\t\t\t\t\t<\/div>\n\t\t\t\t\t\t\t\t\t\t<\/div>\n\t\t\t\t\t\t\t\t\t<\/div>\n\t\t\t\t\t\t\t\t<\/div>\n\t\t\t\t\t\t\t<\/div>\n\t\t\t\t\t\t\t\t\t\t\t<div class=\"col-lg-4 col-md-6 col-sm-6\">\n\t\t\t\t\t\t\t\t<div class=\"service-item\">\n\t\t\t\t\t\t\t\t\t<div class=\"row\">\n\t\t\t\t\t\t\t\t\t\t<div class=\"col-lg-3 col-md-3 col-sm-3 col-3\">\n\t\t\t\t\t\t\t\t\t\t\t<div class=\"service-icon\">\n\t\t\t\t\t\t\t\t\t\t\t\t<i class=\"fi flaticon-university-graduate-hat\"><\/i>\n\t\t\t\t\t\t\t\t\t\t\t<\/div>\n\t\t\t\t\t\t\t\t\t\t<\/div>\n\t\t\t\t\t\t\t\t\t\t<div class=\"col-lg-9 col-md-9 col-sm-9 col-9\">\n\t\t\t\t\t\t\t\t\t\t\t<div class=\"service-text\">\n\t\t\t\t\t\t\t\t\t\t\t\t<h3><a href=\"https:\/\/finna.moebiusinteractive.hu\/index.php\/service\/education-law\/\">K\u00e1rt\u00e9r\u00edt\u00e9si \u00fcgyek<\/a><\/h3>\n\t\t\t\t\t\t\t\t\t\t\t\t<p>I must explain to you how all this mistaken idea of denouncing pleasure and praising pain<\/p>\n\t\t\t\t\t\t\t\t\t\t\t<\/div>\n\t\t\t\t\t\t\t\t\t\t<\/div>\n\t\t\t\t\t\t\t\t\t<\/div>\n\t\t\t\t\t\t\t\t<\/div>\n\t\t\t\t\t\t\t<\/div>\n\t\t\t\t\t\t\t\t\t\t\t<div class=\"col-lg-4 col-md-6 col-sm-6\">\n\t\t\t\t\t\t\t\t<div class=\"service-item\">\n\t\t\t\t\t\t\t\t\t<div class=\"row\">\n\t\t\t\t\t\t\t\t\t\t<div class=\"col-lg-3 col-md-3 col-sm-3 col-3\">\n\t\t\t\t\t\t\t\t\t\t\t<div class=\"service-icon\">\n\t\t\t\t\t\t\t\t\t\t\t\t<i class=\"fi flaticon-house\"><\/i>\n\t\t\t\t\t\t\t\t\t\t\t<\/div>\n\t\t\t\t\t\t\t\t\t\t<\/div>\n\t\t\t\t\t\t\t\t\t\t<div class=\"col-lg-9 col-md-9 col-sm-9 col-9\">\n\t\t\t\t\t\t\t\t\t\t\t<div class=\"service-text\">\n\t\t\t\t\t\t\t\t\t\t\t\t<h3><a href=\"https:\/\/finna.moebiusinteractive.hu\/index.php\/service\/real-estate-law\/\">\u00d6r\u00f6kl\u00e9si jog<\/a><\/h3>\n\t\t\t\t\t\t\t\t\t\t\t\t<p>I must explain to you how all this mistaken idea of denouncing pleasure and praising pain<\/p>\n\t\t\t\t\t\t\t\t\t\t\t<\/div>\n\t\t\t\t\t\t\t\t\t\t<\/div>\n\t\t\t\t\t\t\t\t\t<\/div>\n\t\t\t\t\t\t\t\t<\/div>\n\t\t\t\t\t\t\t<\/div>\n\t\t\t\t\t\t\t\t\t\t\t<div class=\"col-lg-4 col-md-6 col-sm-6\">\n\t\t\t\t\t\t\t\t<div class=\"service-item\">\n\t\t\t\t\t\t\t\t\t<div class=\"row\">\n\t\t\t\t\t\t\t\t\t\t<div class=\"col-lg-3 col-md-3 col-sm-3 col-3\">\n\t\t\t\t\t\t\t\t\t\t\t<div class=\"service-icon\">\n\t\t\t\t\t\t\t\t\t\t\t\t<i class=\"fi flaticon-scale\"><\/i>\n\t\t\t\t\t\t\t\t\t\t\t<\/div>\n\t\t\t\t\t\t\t\t\t\t<\/div>\n\t\t\t\t\t\t\t\t\t\t<div class=\"col-lg-9 col-md-9 col-sm-9 col-9\">\n\t\t\t\t\t\t\t\t\t\t\t<div class=\"service-text\">\n\t\t\t\t\t\t\t\t\t\t\t\t<h3><a href=\"https:\/\/finna.moebiusinteractive.hu\/index.php\/service\/business-law\/\">Ingatlan jog<\/a><\/h3>\n\t\t\t\t\t\t\t\t\t\t\t\t<p>I must explain to you how all this mistaken idea of denouncing pleasure and praising pain<\/p>\n\t\t\t\t\t\t\t\t\t\t\t<\/div>\n\t\t\t\t\t\t\t\t\t\t<\/div>\n\t\t\t\t\t\t\t\t\t<\/div>\n\t\t\t\t\t\t\t\t<\/div>\n\t\t\t\t\t\t\t<\/div>\n\t\t\t\t\t\t\t<\/div>\n\t\t<\/div>\n\t\t\t\t<\/div>\n\t\t\t\t<\/div>\n\t\t\t\t\t<\/div>\n\t\t<\/div>\n\t\t\t\t\t<\/div>\n\t\t<\/section>\n\t\t\t\t<section class=\"elementor-section elementor-top-section elementor-element elementor-element-04419fb elementor-section-boxed elementor-section-height-default elementor-section-height-default\" data-id=\"04419fb\" data-element_type=\"section\">\n\t\t\t\t\t\t<div class=\"elementor-container elementor-column-gap-no\">\n\t\t\t\t\t<div class=\"elementor-column elementor-col-100 elementor-top-column elementor-element elementor-element-450fc7f\" data-id=\"450fc7f\" data-element_type=\"column\">\n\t\t\t<div class=\"elementor-widget-wrap elementor-element-populated\">\n\t\t\t\t\t\t<div class=\"elementor-element elementor-element-80f25b8 elementor-widget elementor-widget-wpo-barristar_testimonial\" data-id=\"80f25b8\" data-element_type=\"widget\" data-widget_type=\"wpo-barristar_testimonial.default\">\n\t\t\t\t<div class=\"elementor-widget-container\">\n\t\t\t\t\t\t\t<div class=\"testimonial-area\">\r\n\t\t\t<div class=\"container\">\r\n\t\t\t\t<div class=\"row\">\r\n\t\t\t\t\t<div class=\"col-lg-4 col-md-6\">\r\n\t\t\t\t\t\t<div class=\"testimonial-img\">\r\n\t\t\t\t\t\t\t<img decoding=\"async\" src=\"https:\/\/finna.moebiusinteractive.hu\/wp-content\/uploads\/2019\/11\/testi-img-min-min.png\" alt=\"\">\t\t\t\t\t\t<\/div>\r\n\t\t\t\t\t<\/div>\r\n\t\t\t\t\t<div class=\"col-lg-7 col-lg-offset-1 col-md-6\">\r\n\t\t\t\t\t\t<div class=\"testimonial-text\">\r\n\t\t\t\t\t\t\t<div class=\"title\">\r\n\t\t\t\t\t\t\t\t<span>\u00dcgyfeleink v\u00e9lem\u00e9nye<\/span><h2>\u00dcgyf\u00e9lel\u00e9gedetts\u00e9g<\/h2>\t\t\t\t\t\t\t<\/div>\r\n\t\t\t\t\t\t\t<div class=\"testimonial-slide owl-carousel\">\r\n\t\t\t\t\t\t\t\t\t\t\t\t\t\t\t\t\t\t<div class=\"slide-item\">\r\n\t\t\t\t\t\t\t\t\t\t\t<p>Ingatlanjogban a legprofibb. MIndenben seg\u00edts\u00e9gemre volt, aj\u00e1nlom b\u00e1rkinek!\n<\/p>\t\t\t\t\t\t\t\t\t\t\t<div class=\"thumb-img\">\r\n\t\t\t\t\t\t\t\t\t\t\t\t<img decoding=\"async\" src=\"https:\/\/finna.moebiusinteractive.hu\/wp-content\/uploads\/2019\/11\/testi-2-min.png\" alt=\"\">\t\t\t\t\t\t\t\t\t\t\t<\/div>\r\n\t\t\t\t\t\t\t\t\t\t\t<div class=\"img-content\">\r\n\t\t\t\t\t\t\t\t\t\t\t\t<h4>Kov\u00e1cs Mikl\u00f3s<\/h4><span>h\u00e1ztulajdonos<\/span>\t\t\t\t\t\t\t\t\t\t\t<\/div>\r\n\t\t\t\t\t\t\t\t\t\t<\/div>\r\n\t\t\t\t\t\t\t\t\t\t\t\t\t\t\t\t\t\t<div class=\"slide-item\">\r\n\t\t\t\t\t\t\t\t\t\t\t<p>Annyira \u00f6r\u00fcl\u00f6k, hogy r\u00e1tal\u00e1ltam \u00fcgyv\u00e9dn\u0151re. Nem is gondoltam, hogy ennyire gyorsan \u00e9s egyszer\u0171en meg lehet oldani egy vit\u00e1st k\u00e9rd\u00e9st. K\u00f6sz\u00f6n\u00f6m!\n<\/p>\t\t\t\t\t\t\t\t\t\t\t<div class=\"thumb-img\">\r\n\t\t\t\t\t\t\t\t\t\t\t\t<img decoding=\"async\" src=\"https:\/\/finna.moebiusinteractive.hu\/wp-content\/uploads\/2025\/03\/attorney_22.png\" alt=\"\">\t\t\t\t\t\t\t\t\t\t\t<\/div>\r\n\t\t\t\t\t\t\t\t\t\t\t<div class=\"img-content\">\r\n\t\t\t\t\t\t\t\t\t\t\t\t<h4>G\u00f6rgei Ferenc<\/h4><span>nemperes elj\u00e1r\u00e1s<\/span>\t\t\t\t\t\t\t\t\t\t\t<\/div>\r\n\t\t\t\t\t\t\t\t\t\t<\/div>\r\n\t\t\t\t\t\t\t\t\t\t\t\t\t\t\t<\/div>\r\n\t\t\t\t\t\t<\/div>\r\n\t\t\t\t\t<\/div>\r\n\t\t\t\t<\/div>\r\n\t\t\t<\/div>\r\n\t\t<\/div>\r\n\t\t\t\t<\/div>\n\t\t\t\t<\/div>\n\t\t\t\t\t<\/div>\n\t\t<\/div>\n\t\t\t\t\t<\/div>\n\t\t<\/section>\n\t\t\t\t<\/div>\n\t\t","protected":false},"excerpt":{"rendered":"Hogyan seg\u00edthetem \u00d6nt? Szakter\u00fcleteim Csal\u00e1djog A csal\u00e1djog a jogtudom\u00e1nynak az a ter\u00fclete, amely b\u00e1r egyes orsz\u00e1gokban \u00f6n\u00e1ll\u00f3 jog\u00e1gk\u00e9nt, m\u00edg m\u00e1shol a Nemperes elj\u00e1r\u00e1sok I must explain to you how all this mistaken idea of denouncing pleasure and praising pain B\u00fcntet\u0151 jog I must explain to you how all this mistaken idea of denouncing pleasure and ","protected":false},"author":1,"featured_media":0,"parent":0,"menu_order":0,"comment_status":"closed","ping_status":"closed","template":"elementor_header_footer","meta":{"footnotes":""},"class_list":["post-43","page","type-page","status-publish","hentry"],"_links":{"self":[{"href":"https:\/\/finna.moebiusinteractive.hu\/index.php\/wp-json\/wp\/v2\/pages\/43","targetHints":{"allow":["GET"]}}],"collection":[{"href":"https:\/\/finna.moebiusinteractive.hu\/index.php\/wp-json\/wp\/v2\/pages"}],"about":[{"href":"https:\/\/finna.moebiusinteractive.hu\/index.php\/wp-json\/wp\/v2\/types\/page"}],"author":[{"embeddable":true,"href":"https:\/\/finna.moebiusinteractive.hu\/index.php\/wp-json\/wp\/v2\/users\/1"}],"replies":[{"embeddable":true,"href":"https:\/\/finna.moebiusinteractive.hu\/index.php\/wp-json\/wp\/v2\/comments?post=43"}],"version-history":[{"count":8,"href":"https:\/\/finna.moebiusinteractive.hu\/index.php\/wp-json\/wp\/v2\/pages\/43\/revisions"}],"predecessor-version":[{"id":549,"href":"https:\/\/finna.moebiusinteractive.hu\/index.php\/wp-json\/wp\/v2\/pages\/43\/revisions\/549"}],"wp:attachment":[{"href":"https:\/\/finna.moebiusinteractive.hu\/index.php\/wp-json\/wp\/v2\/media?parent=43"}],"curies":[{"name":"wp","href":"https:\/\/api.w.org\/{rel}","templated":true}]}}